ed by 12?
11
Calculate the remainder when 269 is divided by 81.
26
What is the remainder when 2430 is divided by 128?
126
What is the remainder when 92 is divided by 47?
45
What is the remainder when 28 is divided by 9?
1
What is the remainder when 11252 is divided by 9?
2
Calculate the remainder when 675 is divided by 31.
24
Calculate the remainder when 782 is divided by 770.
12
What is the remainder when 174 is divided by 22?
20
Calculate the remainder when 623 is divided by 106.
93
What is the remainder when 1404 is divided by 30?
24
Calculate the remainder when 114 is divided by 12.
6
Calculate the remainder when 76 is divided by 13.
11
Calculate the remainder when 1509 is divided by 49.
39
Calculate the remainder when 366 is divided by 246.
120
What is the remainder when 109 is divided by 69?
40
Calculate the remainder when 2663 is divided by 281.
134
What is the remainder when 1257 is divided by 30?
27
Calculate the remainder when 14191 is divided by 9.
7
What is the remainder when 15 is divided by 9?
6
What is the remainder when 131 is divided by 68?
63
What is the remainder when 83 is divided by 39?
5
What is the remainder when 981 is divided by 41?
38
What is the remainder when 252 is divided by 32?
28
Calculate the remainder when 141 is divided by 57.
27
What is the remainder when 1122 is divided by 36?
6
Calculate the remainder when 8775 is divided by 133.
130
What is the remainder when 76 is divided by 16?
12
Calculate the remainder when 1241 is divided by 409.
14
What is the remainder when 204 is divided by 189?
15
What is the remainder when 105 is divided by 10?
5
What is the remainder when 63 is divided by 19?
6
Calculate the remainder when 15881 is divided by 26.
21
Calculate the remainder when 243 is divided by 41.
38
Calculate the remainder when 2595 is divided by 236.
235
Calculate the remainder when 422 is divided by 9.
8
Calculate the remainder when 113 is divided by 53.
7
What is the remainder when 1884 is divided by 22?
14
What is the remainder when 789 is divided by 11?
8
Calculate the remainder when 1714 is divided by 254.
190
Calculate the remainder when 164 is divided by 35.
24
What is the remainder when 585 is divided by 176?
57
Calculate the remainder when 1008 is divided by 92.
88
What is the remainder when 97 is divided by 30?
7
Calculate the remainder when 450 is divided by 343.
107
What is the remainder when 3367 is divided by 64?
39
What is the remainder when 238 is divided by 20?
18
Calculate the remainder when 91 is divided by 27.
10
What is the remainder when 155 is divided by 74?
7
Calculate the remainder when 3749 is divided by 50.
49
What is the remainder when 2859 is divided by 26?
25
Calculate the remainder when 5570 is divided by 5.
0
Calculate the remainder when 4762 is divided by 67.
5
What is the remainder when 3497 is divided by 100?
97
Calculate the remainder when 108 is divided by 60.
48
Calculate the remainder when 40 is divided by 31.
9
What is the remainder when 504 is divided by 13?
10
Calculate the remainder when 14044 is divided by 7019.
6
Calculate the remainder when 621 is divided by 459.
162
Calculate the remainder when 2290 is divided by 2279.
11
What is the remainder when 727 is divided by 26?
25
What is the remainder when 1238 is divided by 34?
14
Calculate the remainder when 4660 is divided by 63.
61
Calculate the remainder when 12 is divided by 11.
1
What is the remainder when 92 is divided by 48?
44
What is the remainder when 684 is divided by 49?
47
Calculate the remainder when 119 is divided by 23.
4
What is the remainder when 62542 is divided by 35?
32
What is the remainder when 4440 is divided by 53?
41
What is the remainder when 6336 is divided by 275?
11
Calculate the remainder when 2643 is divided by 34.
25
Calculate the remainder when 145 is divided by 23.
7
What is the remainder when 455 is divided by 114?
113
What is the remainder when 1304 is divided by 263?
252
Calculate the remainder when 85 is divided by 36.
13
What is the remainder when 2026 is divided by 40?
26
What is the remainder when 94 is divided by 10?
4
What is the remainder when 320 is divided by 108?
104
Calculate the remainder when 19740 is divided by 6579.
3
What is the remainder when 16541 is divided by 15?
11
What is the remainder when 8268 is divided by 2747?
27
Calculate the remainder when 1147 is divided by 77.
69
What is the remainder when 527 is divided by 15?
2
What is the remainder when 38 is divided by 12?
2
What is the remainder when 123 is divided by 9?
6
Calculate the remainder when 105 is divided by 27.
24
What is the remainder when 848 is divided by 10?
8
What is the remainder when 1246 is divided by 26?
24
What is the remainder when 170 is divided by 45?
35
Calculate the remainder when 618 is divided by 197.
27
Calculate the remainder when 5166 is divided by 16.
14
What is the remainder when 4958 is divided by 121?
118
Calculate the remainder when 342 is divided by 49.
48
What is the remainder when 196 is divided by 62?
10
What is the remainder when 896 is divided by 34?
12
What is the remainder when 407 is divided by 137?
133
Calculate the remainder when 4152 is divided by 5.
2
What is the remainder when 9297 is divided by 10?
7
Calculate the remainder when 204 is divided by 82.
40
What is the remainder when 176 is divided by 60?
56
Calculate the remainder when 102 is divided by 21.
18
What is the remainder when 376 is divided by 43?
32
Calculate the remainder when 12824 is divided by 3206.
0
Calculate the remainder when 28183 is divided by 104.
103
What is the remainder when 433 is divided by 17?
8
Calculate the remainder when 157 is divided by 32.
29
What is the remainder when 41269 is divided by 67?
64
Calculate the remainder when 1150 is divided by 6.
4
Calculate the remainder when 313 is divided by 153.
7
What is the remainder when 1398 is divided by 67?
58
What is the remainder when 388 is divided by 21?
10
What is the remainder when 1144 is divided by 92?
40
Calculate the remainder when 76 is divided by 68.
8
What is the remainder when 1878 is divided by 11?
8
What is the remainder when 4001 is divided by 46?
45
Calculate the remainder when 566 is divided by 85.
56
What is the remainder when 15893 is divided by 289?
287
Calculate the remainder when 6872 is divided by 31.
21
What is the remainder when 22 is divided by 11?
0
Calculate the remainder when 135 is divided by 28.
23
What is the remainder when 867 is divided by 142?
15
What is the remainder when 218 is divided by 55?
53
Calculate the remainder when 673 is divided by 26.
23
What is the remainder when 868 is divided by 58?
56
Calculate the remainder when 185 is divided by 21.
17
What is the remainder when 1816 is divided by 18?
16
Calculate the remainder when 862 is divided by 9.
7
What is the remainder when 6653 is divided by 12?
5
What is the remainder when 1149 is divided by 64?
61
Calculate the remainder when 99 is divided by 21.
15
What is the remainder when 360 is divided by 71?
5
What is the remainder when 81 is divided by 13?
3
What is the remainder when 277 is divided by 14?
11
What is the remainder when 162 is divided by 108?
54
Calculate the remainder when 931 is divided by 85.
81
Calculate the remainder when 947 is divided by 195.
167
What is the remainder when 281 is divided by 9?
2
Calculate the remainder when 201 is divided by 38.
11
What is the remainder when 460 is divided by 77?
75
Calculate the remainder when 1148 is divided by 242.
180
What is the remainder when 300 is divided by 68?
28
Calculate the remainder when 537 is divided by 60.
57
Calculate the remainder when 164 is divided by 14.
10
Calculate the remainder when 46 is divided by 6.
4
What is the remainder when 16 is divided by 5?
1
Calculate the remainder when 37 is divided by 13.
11
Calculate the remainder when 4795 is divided by 60.
55
What is the remainder when 29 is divided by 8?
5
Calculate the remainder when 115 is divided by 31.
22
What is the remainder when 1664 is divided by 10?
4
What is the remainder when 229 is divided by 33?
31
Calculate the remainder when 5483 is divided by 196.
191
What is the remainder when 1720 is divided by 172?
0
What is the remainder when 8 is divided by 4?
0
Calculate the remainder when 252 is divided b